{"id":227,"date":"2023-05-15T10:39:12","date_gmt":"2023-05-15T10:39:12","guid":{"rendered":"https:\/\/mathematerial.ch\/?page_id=227"},"modified":"2025-01-02T14:45:39","modified_gmt":"2025-01-02T14:45:39","slug":"5a-preise-aktion-mehrwertsteuer","status":"publish","type":"page","link":"https:\/\/mathematerial.ch\/?page_id=227","title":{"rendered":"5a. Preise-Aktion-Mehrwertsteuer"},"content":{"rendered":"\n<p>Brutto ist der Preis, BEVOR Abz\u00fcge gemacht werden. Netto ist, NACHDEM die Abz\u00fcge gemacht worden sind.<\/p>\n\n\n\n<p>Als Eselsbr\u00fccke kann man sich merken:<\/p>\n\n\n\n<p>brutto = brutal viel<\/p>\n\n\n\n<p>netto = nett, was \u00fcbrig bleibt<\/p>\n\n\n\n<p class=\"has-medium-font-size\"><strong>Zu Aufgabe 1.6:<\/strong><\/p>\n\n\n\n<p><a href=\"https:\/\/003.lmvz.ch\/lehrmittelsites\/mathe_sek\/data\/mathsek1_trainer2\/a2_5_1_1_6.html\">Rabatt und Nettopreis<\/a><\/p>\n\n\n\n<p class=\"has-medium-font-size\"><strong>Zu Aufgabe 1.7:<\/strong><\/p>\n\n\n\n<p><a href=\"https:\/\/003.lmvz.ch\/lehrmittelsites\/mathe_sek\/data\/mathsek1_trainer2\/a3_5_1_1_7.html\">Rabatt und Nettopreis<\/a><\/p>\n\n\n\n<p class=\"has-medium-font-size\"><strong>Zu Aufgabe 2.2:<\/strong><\/p>\n\n\n\n<p><a href=\"https:\/\/003.lmvz.ch\/lehrmittelsites\/mathe_sek\/data\/mathsek1_trainer2\/a1_5_1_2_2.html\">Bruttopreis-Rabatt-Nettopreis<\/a><\/p>\n\n\n\n<p class=\"has-medium-font-size\"><strong>Zu Aufgabe 2.3:<\/strong><\/p>\n\n\n\n<p><a href=\"https:\/\/003.lmvz.ch\/lehrmittelsites\/mathe_sek\/data\/mathsek1_trainer2\/a1_5_1_2_3.html\">Kopfrechnen Bruttopreis-Rabatt-Nettopreis<\/a><\/p>\n\n\n\n<p class=\"has-medium-font-size\"><strong>Zu Aufgabe 2.4:<\/strong><\/p>\n\n\n\n<p><a href=\"https:\/\/003.lmvz.ch\/lehrmittelsites\/mathe_sek\/data\/mathsek1_trainer2\/a2_5_1_2_4.html\">Bruttopreis-Rabatt-Nettopreis<\/a><\/p>\n\n\n\n<p class=\"has-medium-font-size\"><strong>Aufgabe 3.3:<\/strong><\/p>\n\n\n\n<p>Wenn Du auf einen Rabattpreis nochmal einen Rabattpreis kriegst, musst Du den bereits einmal verbilligten Preis als Basis (100%) nehmen f\u00fcr den neuen Rabatt.<\/p>\n\n\n\n<p class=\"has-medium-font-size\"><strong>Zu Aufgabe 4.1:<\/strong><\/p>\n\n\n\n<p>Die Mehrwertsteuer (MwST) ist eine Steuer, die auf Produkte erhoben wird. F\u00fcr alles, was Du kaufst, werden Steuern erhoben.<\/p>\n\n\n\n<figure class=\"wp-block-embed is-type-video is-provider-youtube wp-block-embed-youtube wp-embed-aspect-16-9 wp-has-aspect-ratio\"><div class=\"wp-block-embed__wrapper\">\n<iframe loading=\"lazy\" title=\"Mehrwertsteuer in der Schweiz | einfach erkl\u00e4rt\" width=\"800\" height=\"450\" src=\"https:\/\/www.youtube.com\/embed\/3rVzjH9e6CE?feature=oembed\" frameborder=\"0\" allow=\"accelerometer; autoplay; clipboard-write; encrypted-media; gyroscope; picture-in-picture; web-share\" referrerpolicy=\"strict-origin-when-cross-origin\" allowfullscreen><\/iframe>\n<\/div><\/figure>\n","protected":false},"excerpt":{"rendered":"<p>Brutto ist der Preis, BEVOR Abz\u00fcge gemacht werden. Netto ist, NACHDEM die Abz\u00fcge gemacht worden sind. Als Eselsbr\u00fccke kann man<\/p>\n","protected":false},"author":1,"featured_media":0,"parent":0,"menu_order":0,"comment_status":"closed","ping_status":"closed","template":"","meta":{"colormag_page_container_layout":"default_layout","colormag_page_sidebar_layout":"default_layout","footnotes":""},"class_list":["post-227","page","type-page","status-publish","hentry"],"_links":{"self":[{"href":"https:\/\/mathematerial.ch\/index.php?rest_route=\/wp\/v2\/pages\/227","targetHints":{"allow":["GET"]}}],"collection":[{"href":"https:\/\/mathematerial.ch\/index.php?rest_route=\/wp\/v2\/pages"}],"about":[{"href":"https:\/\/mathematerial.ch\/index.php?rest_route=\/wp\/v2\/types\/page"}],"author":[{"embeddable":true,"href":"https:\/\/mathematerial.ch\/index.php?rest_route=\/wp\/v2\/users\/1"}],"replies":[{"embeddable":true,"href":"https:\/\/mathematerial.ch\/index.php?rest_route=%2Fwp%2Fv2%2Fcomments&post=227"}],"version-history":[{"count":4,"href":"https:\/\/mathematerial.ch\/index.php?rest_route=\/wp\/v2\/pages\/227\/revisions"}],"predecessor-version":[{"id":716,"href":"https:\/\/mathematerial.ch\/index.php?rest_route=\/wp\/v2\/pages\/227\/revisions\/716"}],"wp:attachment":[{"href":"https:\/\/mathematerial.ch\/index.php?rest_route=%2Fwp%2Fv2%2Fmedia&parent=227"}],"curies":[{"name":"wp","href":"https:\/\/api.w.org\/{rel}","templated":true}]}}