{"id":180,"date":"2023-05-15T10:29:42","date_gmt":"2023-05-15T10:29:42","guid":{"rendered":"https:\/\/mathematerial.ch\/?page_id=180"},"modified":"2024-04-25T08:24:47","modified_gmt":"2024-04-25T08:24:47","slug":"9a-koerper-untersuchen-und-skizzieren","status":"publish","type":"page","link":"https:\/\/mathematerial.ch\/?page_id=180","title":{"rendered":"9a. K\u00f6rper untersuchen und skizzieren"},"content":{"rendered":"\n<p class=\"has-medium-font-size\"><strong>Allgemein:<\/strong><\/p>\n\n\n\n<p>Beim Skizzieren von K\u00f6rpern gibt es einige Regeln. Wenn Du diese befolgst, wird die Skizze korrekt.<\/p>\n\n\n\n<ol class=\"wp-block-list\">\n<li>\u00c4usserste Umrisse sind immer sichtbar<\/li>\n\n\n\n<li>Suche Dir einen Punkt, der sicher zuvorderst ist. Alle Geraden, welche von diesem Punkt ausgehen, sind sicher sichtbar.<\/li>\n\n\n\n<li>Suche Dir einen Punkt, der sicher zuhinterst ist. Alle Geraden, welche von diesem Punkt ausgehen, sind sicher unsichtbar.<\/li>\n<\/ol>\n\n\n\n<p class=\"has-medium-font-size\"><strong>Zu Aufgabe 1.4:<\/strong><\/p>\n\n\n\n<p>\u00dcberlege Dir zuerst, wie der K\u00f6rper aussehen k\u00f6nnte, bevor Du ihn baust. Anschliessend kannst Du ihn zusammenbauen mit den W\u00fcrfeln und am Schluss die Skizzen einf\u00e4rben. <\/p>\n\n\n\n<p class=\"has-medium-font-size\"><strong>Zu Aufgabe 1.5:<\/strong><\/p>\n\n\n\n<p>Beginne zuerst, einen einfachen K\u00f6rper zu bauen. Wenn Du merkst, dass dies gut funktioniert, dann gehe zu komplizierteren Formen \u00fcber. Versuche immer, zuerst den Gegenstand vorzustellen, bevor Du ihn baust.<\/p>\n\n\n\n<p class=\"has-medium-font-size\"><strong>Zu Aufgabe 3.1:<\/strong><\/p>\n\n\n\n<p>Nimm als erstes einen W\u00fcrfelk\u00f6rper und drehe ihn in alle m\u00f6glichen Richtungen: nach vorn, nach hinten, nach rechts kippen, nach links kippen, im Uhrzeigersinn und im Gegenuhrzeigersinn.<\/p>\n\n\n\n<p class=\"has-medium-font-size\"><strong>Zu Aufgabe 3.2:<\/strong><\/p>\n\n\n\n<p>Erinnere Dich an das Kapitel 1: Symmetrien. Welche Symmetrien m\u00fcssen erf\u00fcllt sein?<\/p>\n\n\n\n<p class=\"has-medium-font-size\"><strong>Zu Aufgabe 4.1:<\/strong><\/p>\n\n\n\n<p>Schau Dir Bilder von Tetris an. Welche Bausteine fehlen? Warum?<\/p>\n\n\n\n<p class=\"has-medium-font-size\"><strong>Zu Aufgabe 4.3:<\/strong><\/p>\n\n\n\n<p>Achte Dich auf folgende Regeln beim Zeichnen von 3D-K\u00f6rpern:<\/p>\n\n\n\n<p>-Zeichne von vorne nach hinten<\/p>\n\n\n\n<p>-Geraden, welche vom vordersten Punkt ausgehen, sind immer sichtbar<\/p>\n\n\n\n<p>-Geraden, welche am Rand der Figur sind, sind immer sichtbar<\/p>\n\n\n\n<p class=\"has-medium-font-size\"><strong>Zu Aufgabe 4.4:<\/strong><\/p>\n\n\n\n<p>Wenn Du Dir unsicher bist, was sichtbar ist, dann kannst Du schauen, welcher K\u00f6rper vor dem anderen steht. Der wird sichtbar sein.<\/p>\n\n\n\n<p class=\"has-medium-font-size\"><strong>Zu Aufgabe 5.1:<\/strong><\/p>\n\n\n\n<p>Sei vorsichtig beim Begriff &#8222;rechter Winkel&#8220;. Wenn Du Formen im 3D-raum hast, kann es sein, dass in Wirklichkeit ein rechter Winkel vorhanden w\u00e4re, der aber auf dem Papier anders scheint.<\/p>\n\n\n\n<p class=\"has-medium-font-size\"><strong>Zu Aufgabe 6.4a:<\/strong><\/p>\n\n\n\n<p><a href=\"https:\/\/003.lmvz.ch\/lehrmittelsites\/mathe_sek\/data\/mathsek1_docs\/geogebra\/M1_9a_schnittflaeche_im_wuerfel.html\">Schnittfl\u00e4che im W\u00fcrfel<\/a><\/p>\n\n\n\n<p class=\"has-medium-font-size\"><strong>Zu Aufgabe 6.4b:<\/strong><\/p>\n\n\n\n<p><a href=\"https:\/\/003.lmvz.ch\/lehrmittelsites\/mathe_sek\/data\/mathsek1_docs\/geogebra\/M1_9a_max_bills_wuerfelschnitte.html\">Max Bills W\u00fcrfelschnitte<\/a><\/p>\n\n\n\n<p class=\"has-medium-font-size\"><strong>Zus\u00e4tzlich:<\/strong><\/p>\n\n\n\n<p><a href=\"https:\/\/003.lmvz.ch\/lehrmittelsites\/mathe_sek\/data\/mathsek1_docs\/simulationen\/a9_1\/a9_1.html\">W\u00fcrfelk\u00f6rper auf Punktpapier<\/a><\/p>\n","protected":false},"excerpt":{"rendered":"<p>Allgemein: Beim Skizzieren von K\u00f6rpern gibt es einige Regeln. Wenn Du diese befolgst, wird die Skizze korrekt. Zu Aufgabe 1.4:<\/p>\n","protected":false},"author":1,"featured_media":0,"parent":0,"menu_order":0,"comment_status":"closed","ping_status":"closed","template":"","meta":{"colormag_page_container_layout":"default_layout","colormag_page_sidebar_layout":"default_layout","footnotes":""},"class_list":["post-180","page","type-page","status-publish","hentry"],"_links":{"self":[{"href":"https:\/\/mathematerial.ch\/index.php?rest_route=\/wp\/v2\/pages\/180","targetHints":{"allow":["GET"]}}],"collection":[{"href":"https:\/\/mathematerial.ch\/index.php?rest_route=\/wp\/v2\/pages"}],"about":[{"href":"https:\/\/mathematerial.ch\/index.php?rest_route=\/wp\/v2\/types\/page"}],"author":[{"embeddable":true,"href":"https:\/\/mathematerial.ch\/index.php?rest_route=\/wp\/v2\/users\/1"}],"replies":[{"embeddable":true,"href":"https:\/\/mathematerial.ch\/index.php?rest_route=%2Fwp%2Fv2%2Fcomments&post=180"}],"version-history":[{"count":7,"href":"https:\/\/mathematerial.ch\/index.php?rest_route=\/wp\/v2\/pages\/180\/revisions"}],"predecessor-version":[{"id":627,"href":"https:\/\/mathematerial.ch\/index.php?rest_route=\/wp\/v2\/pages\/180\/revisions\/627"}],"wp:attachment":[{"href":"https:\/\/mathematerial.ch\/index.php?rest_route=%2Fwp%2Fv2%2Fmedia&parent=180"}],"curies":[{"name":"wp","href":"https:\/\/api.w.org\/{rel}","templated":true}]}}